{"id":40,"date":"2026-02-14T17:43:31","date_gmt":"2026-02-14T17:43:31","guid":{"rendered":"https:\/\/www.werbungauscottbus.de\/index.php\/startseite\/"},"modified":"2026-02-20T18:11:25","modified_gmt":"2026-02-20T18:11:25","slug":"startseite","status":"publish","type":"page","link":"https:\/\/www.werbungauscottbus.de\/","title":{"rendered":"Startseite"},"content":{"rendered":"\n  \n    \n    <section class=\"u-align-center u-clearfix u-container-align-center u-container-align-center-lg u-container-align-center-xl u-gradient u-image u-valign-middle-md u-valign-middle-sm u-valign-middle-xs u-section-2\" id=\"sec-394b\" data-image-width=\"1980\" data-image-height=\"1320\" style=\"background-image: linear-gradient(rgba(255, 255, 255, 0.2), rgba(255, 255, 255, 0.2)), url(&quot;https:\/\/www.werbungauscottbus.de\/wp-content\/uploads\/2026\/02\/nn.jpg&quot;);\">\n      <div class=\"u-clearfix u-sheet u-valign-middle u-sheet-1\">\n        <div class=\"data-layout-selected u-clearfix u-expanded-width-lg u-expanded-width-sm u-expanded-width-xs u-layout-wrap u-layout-wrap-1\">\n          <div class=\"u-gutter-0 u-layout\">\n            <div class=\"u-layout-row\">\n              <div class=\"u-container-style u-layout-cell u-size-30-lg u-size-30-xl u-size-60-md u-size-60-sm u-size-60-xs u-layout-cell-1\">\n                <div class=\"u-container-layout u-valign-bottom-lg u-container-layout-1\">\n                  <img decoding=\"async\" class=\"u-image u-image-contain u-image-default u-preserve-proportions u-image-1\" src=\"https:\/\/www.werbungauscottbus.de\/wp-content\/uploads\/2026\/02\/Logo-koffergriff-Pfade-frei.png\" alt=\"\" data-image-width=\"567\" data-image-height=\"567\">\n                  <h1 class=\"u-align-left u-text u-text-custom-color-1 u-title u-text-1\">Werbung&nbsp;aus&nbsp;Cottbus<\/h1>\n                  <div class=\"fr-view u-clearfix u-rich-text u-text u-text-2\">\n                    <p id=\"isPasted\" style=\"text-align: left;\"><span style=\"font-weight: 700;\"><span class=\"u-text-body-color\" style=\"font-size: 1.125rem;\">Medien- und Werbeagentur&nbsp;<\/span><\/span>\n                      <br><span style=\"font-weight: 700;\"><span class=\"u-text-body-color\" style=\"font-size: 1.125rem;\">seit 2004<\/span><\/span>\n                    <\/p>\n                    <p style=\"text-align: left;\"><span style=\"font-weight: 500;\"><span class=\"u-text-body-color\" style=\"font-size: 1.125rem;\">Zu unseren Leistungen geh\u00f6ren:<\/span><\/span>\n                    <\/p>\n                    <p style=\"text-align: left;\"><span style=\"font-weight: 500;\"><span class=\"u-text-body-color\" style=\"font-size: 1.125rem;\">Webdesign, Printdesign und Webhosting<\/span><\/span>\n                    <\/p>\n                    <p style=\"text-align: left;\"><span style=\"font-weight: 500;\"><span class=\"u-text-body-color\" style=\"font-size: 1.125rem;\">Wir stehen f\u00fcr einem kompletten Service rund um alle Bereiche der Werbung - von der Erstellung einer Internetseite \u00fcber Drucksachen bis hin zum Entwurf eines kompletten Designs.<\/span><\/span>\n                    <\/p>\n                    <p style=\"text-align: left;\"><span style=\"font-weight: 500;\"><span class=\"u-text-body-color\" style=\"font-size: 1.125rem;\">Wir m\u00f6chten Sie gro\u00df rausbringen!<\/span><\/span>\n                    <\/p>\n                    <p style=\"text-align: left;\"><span style=\"font-weight: 500;\"><span class=\"u-text-body-color\" style=\"font-size: 1.125rem;\">Ihre Werbung aus Cottbus<\/span><\/span>\n                    <\/p>\n                  <\/div>\n                <\/div>\n              <\/div>\n              <div class=\"u-container-style u-image u-layout-cell u-size-30-lg u-size-30-xl u-size-60-md u-size-60-sm u-size-60-xs u-image-2\" data-image-width=\"5351\" data-image-height=\"3568\" style=\"background-image: url(&quot;https:\/\/www.werbungauscottbus.de\/wp-content\/uploads\/2026\/02\/iStock-906727486.jpg&quot;);\">\n                <div class=\"u-container-layout u-container-layout-2\"><\/div>\n              <\/div>\n            <\/div>\n          <\/div>\n        <\/div>\n      <\/div>\n    <\/section>\n    <section class=\"u-clearfix u-container-align-center u-custom-color-1 u-section-3\" id=\"carousel_efc8\">\n      <div class=\"u-clearfix u-sheet u-valign-middle-sm u-sheet-1\">\n        <h2 class=\"u-align-center u-text u-text-default u-text-1\" data-animation-name=\"customAnimationIn\" data-animation-duration=\"1000\"> Portfolio<\/h2>\n        <div class=\"u-expanded-width u-list u-list-1\">\n          <div class=\"u-repeater u-repeater-1\">\n            <div class=\"u-container-align-center-xl u-container-style u-list-item u-repeater-item u-list-item-1\" data-animation-name=\"customAnimationIn\" data-animation-duration=\"1500\" data-animation-delay=\"500\">\n              <div class=\"u-container-layout u-similar-container u-valign-bottom-xs u-valign-top-lg u-valign-top-xl u-container-layout-1\">\n                <h3 class=\"u-align-center u-text u-text-2\"> Design<\/h3>\n                <p class=\"u-align-center u-custom-item u-text u-text-3\"> Markenbildung<br>Vom Logo bis zu ihrem<br>vollst\u00e4ndigen Corporate Design.<br> Wir beraten Sie bei Ihrem Gesch\u00e4ftsauftritt und bieten Ihnen komplette L\u00f6sungen. \n                <\/p>\n              <\/div>\n            <\/div>\n            <div class=\"u-container-style u-list-item u-repeater-item u-list-item-2\" data-animation-name=\"customAnimationIn\" data-animation-duration=\"1500\" data-animation-delay=\"500\">\n              <div class=\"u-container-layout u-similar-container u-valign-bottom-xs u-valign-top-lg u-valign-top-xl u-container-layout-2\">\n                <h3 class=\"u-align-center u-text u-text-4\"> Online<\/h3>\n                <p class=\"u-align-center u-custom-item u-text u-text-5\"> F\u00fcr den Bildschirm&nbsp;<br>Ihr Onlineauftritt. Von der privaten Webseite bis zur Firmenhomepage oder Onlineshop. Optimierung f\u00fcr alle Endger\u00e4te - von Desktop bis Handy und Tablet. \n                <\/p>\n              <\/div>\n            <\/div>\n            <div class=\"u-container-style u-list-item u-repeater-item u-list-item-3\" data-animation-name=\"customAnimationIn\" data-animation-duration=\"1500\" data-animation-delay=\"500\">\n              <div class=\"u-container-layout u-similar-container u-valign-bottom-xs u-valign-top-lg u-valign-top-xl u-container-layout-3\">\n                <h3 class=\"u-align-center u-text u-text-6\">Print<\/h3>\n                <p class=\"u-align-center u-custom-item u-text u-text-7\"> Zum Anfassen&nbsp;<br>bekannt durch Drucksachen.&nbsp;<br>Wir gestalten Ihre Printmedien von der Visitenkarten, \u00fcber Flyer und Folder bis hin zum Buch und Au\u00dfenwerbung oder Rollups. \n                <\/p>\n              <\/div>\n            <\/div>\n          <\/div>\n        <\/div>\n      <\/div>\n    <\/section>\n    <section class=\"u-align-center u-clearfix u-container-align-center u-container-align-center-lg u-container-align-center-xl u-image u-valign-bottom u-section-4\" id=\"carousel_c251\" data-image-width=\"1980\" data-image-height=\"1320\" data-animation-name=\"\" data-animation-duration=\"0\" data-animation-delay=\"0\" data-animation-direction=\"\" style=\"background-image: url(&quot;https:\/\/www.werbungauscottbus.de\/wp-content\/uploads\/2026\/02\/nn.jpg&quot;);\">\n      <div class=\"u-clearfix u-sheet u-valign-middle-lg u-sheet-1\">\n        <h2 class=\"u-align-center u-text u-text-default u-text-1\">Referenzen<\/h2>\n        <div class=\"custom-expanded u-expanded-width-lg u-expanded-width-xl u-list u-list-1\">\n          <div class=\"u-repeater u-repeater-1\">\n            <div class=\"u-container-align-left u-container-style u-image u-list-item u-repeater-item u-image-1\" data-image-width=\"1118\" data-image-height=\"1592\" data-href=\"https:\/\/www.kinderlachen-cottbus.de\" data-target=\"_blank\" style=\"background-image: url(&quot;https:\/\/www.werbungauscottbus.de\/wp-content\/uploads\/2026\/02\/Bildschirmfoto2026-01-11um17.42.54.png&quot;);\">\n              <div class=\"u-container-layout u-similar-container u-container-layout-1\">\n                <div class=\"u-container-align-left u-container-style u-expanded-width u-group u-opacity u-opacity-60 u-palette-1-dark-3 u-group-1\">\n                  <div class=\"u-container-layout u-container-layout-2\">\n                    <h6 class=\"u-align-left u-text u-text-default u-text-2\">Kinderlachen Cottbus<span style=\"font-size: 1.25rem;\"><\/span>\n                    <\/h6>\n                  <\/div>\n                <\/div>\n              <\/div>\n            <\/div>\n            <div class=\"u-container-align-left u-container-style u-image u-list-item u-repeater-item u-image-2\" data-image-width=\"1114\" data-image-height=\"2522\" data-href=\"https:\/\/www.ensemble-pfiffikus.de\" data-target=\"_blank\" style=\"background-image: url(&quot;https:\/\/www.werbungauscottbus.de\/wp-content\/uploads\/2026\/02\/Bildschirmfoto2026-01-11um17.00.53.png&quot;);\">\n              <div class=\"u-container-layout u-similar-container u-container-layout-3\">\n                <div class=\"u-container-align-left u-container-style u-expanded-width u-group u-opacity u-opacity-60 u-palette-1-dark-3 u-group-2\">\n                  <div class=\"u-container-layout u-container-layout-4\">\n                    <h6 class=\"u-align-left u-text u-text-default u-text-3\"> Pfiffikus Cottbus<\/h6>\n                  <\/div>\n                <\/div>\n              <\/div>\n            <\/div>\n            <div class=\"u-container-align-left u-container-style u-image u-list-item u-repeater-item u-image-3\" data-image-width=\"1108\" data-image-height=\"2512\" data-href=\"https:\/\/www.ergologo-praxis.de\" data-target=\"_blank\" style=\"background-image: url(&quot;https:\/\/www.werbungauscottbus.de\/wp-content\/uploads\/2026\/02\/Bildschirmfoto2026-01-11um19.28.09.png&quot;);\">\n              <div class=\"u-container-layout u-similar-container u-container-layout-5\">\n                <div class=\"u-container-align-left u-container-style u-expanded-width u-group u-opacity u-opacity-60 u-palette-1-dark-3 u-group-3\">\n                  <div class=\"u-container-layout u-container-layout-6\">\n                    <h6 class=\"u-align-left u-text u-text-default u-text-4\">Egologo Kolkwitz<\/h6>\n                  <\/div>\n                <\/div>\n              <\/div>\n            <\/div>\n          <\/div>\n        <\/div>\n      <\/div>\n    <\/section>\n    <section class=\"u-align-center u-clearfix u-container-align-center u-custom-color-1 u-section-5\" id=\"block-5\">\n      <div class=\"u-clearfix u-sheet u-sheet-1\">\n        <h2 class=\"u-text u-text-1\">In Kontakt treten<\/h2>\n        <div class=\"data-layout-selected u-clearfix u-expanded-width u-layout-wrap u-layout-wrap-1\">\n          <div class=\"u-layout\">\n            <div class=\"u-layout-col\">\n              <div class=\"u-size-60\">\n                <div class=\"u-layout-row\">\n                  <div class=\"u-align-center u-container-align-center u-container-style u-layout-cell u-left-cell u-size-20 u-layout-cell-1\">\n                    <div class=\"u-container-layout u-container-layout-1\"><span class=\"u-file-icon u-icon u-icon-1\"><img decoding=\"async\" src=\"https:\/\/www.werbungauscottbus.de\/wp-content\/uploads\/2026\/02\/Logo-koffergriff-Pfade-frei.png\" alt=\"\"><\/span>\n                      <p class=\"u-text u-text-2\"> Werbung aus Cottbus -&nbsp;<br><span style=\"font-size: 0.75rem;\">Rainer Behnisch <br>Hermann-Hammerschmidt-Stra\u00dfe 21<br>03042 Cottbus <\/span>\n                      <\/p>\n                    <\/div>\n                  <\/div>\n                  <div class=\"u-align-center u-container-align-center-lg u-container-align-center-xl u-container-style u-layout-cell u-size-20 u-layout-cell-2\">\n                    <div class=\"u-container-layout u-container-layout-2\"><span class=\"u-icon u-icon-circle u-text-grey-5 u-icon-2\" data-href=\"tel:+49 01739208325\"><svg class=\"u-svg-link\" preserveAspectRatio=\"xMidYMin slice\" viewBox=\"0 0 384 384\" style=\"\"><use xlink:href=\"#svg-f4c5\"><\/use><\/svg><svg class=\"u-svg-content\" viewBox=\"0 0 384 384\" x=\"0px\" y=\"0px\" id=\"svg-f4c5\" style=\"enable-background:new 0 0 384 384;\"><g><g><path d=\"M353.188,252.052c-23.51,0-46.594-3.677-68.469-10.906c-10.719-3.656-23.896-0.302-30.438,6.417l-43.177,32.594    c-50.073-26.729-80.917-57.563-107.281-107.26l31.635-42.052c8.219-8.208,11.167-20.198,7.635-31.448    c-7.26-21.99-10.948-45.063-10.948-68.583C132.146,13.823,118.323,0,101.333,0H30.813C13.823,0,0,13.823,0,30.813    C0,225.563,158.438,384,353.188,384c16.99,0,30.813-13.823,30.813-30.813v-70.323C384,265.875,370.177,252.052,353.188,252.052z\"><\/path>\n<\/g>\n<\/g><\/svg><\/span>\n                      <h6 class=\"u-text u-text-3\">Telefon<\/h6>\n                      <p class=\"u-text u-text-4\">\n                        <a class=\"u-active-none u-border-none u-btn u-button-link u-button-style u-hover-none u-none u-text-white u-btn-1\" href=\"tel:+49 01739208325\"> +49 01739208325<\/a>\n                      <\/p>\n                    <\/div>\n                  <\/div>\n                  <div class=\"u-container-style u-layout-cell u-right-cell u-size-20 u-layout-cell-3\">\n                    <div class=\"u-container-layout u-valign-top-lg u-valign-top-md u-valign-top-sm u-valign-top-xl u-container-layout-3\"><span class=\"u-icon u-icon-circle u-text-grey-5 u-icon-3\" data-href=\"mailto:info@werbungauscottbus.de\"><svg class=\"u-svg-link\" preserveAspectRatio=\"xMidYMin slice\" viewBox=\"0 0 512 512\" style=\"\"><use xlink:href=\"#svg-d332\"><\/use><\/svg><svg class=\"u-svg-content\" viewBox=\"0 0 512 512\" x=\"0px\" y=\"0px\" id=\"svg-d332\" style=\"enable-background:new 0 0 512 512;\"><g><g><path d=\"M467,61H45c-6.927,0-13.412,1.703-19.279,4.51L255,294.789l51.389-49.387c0,0,0.004-0.005,0.005-0.007    c0.001-0.002,0.005-0.004,0.005-0.004L486.286,65.514C480.418,62.705,473.929,61,467,61z\"><\/path>\n<\/g>\n<\/g><g><g><path d=\"M507.496,86.728L338.213,256.002L507.49,425.279c2.807-5.867,4.51-12.352,4.51-19.279V106    C512,99.077,510.301,92.593,507.496,86.728z\"><\/path>\n<\/g>\n<\/g><g><g><path d=\"M4.51,86.721C1.703,92.588,0,99.073,0,106v300c0,6.923,1.701,13.409,4.506,19.274L173.789,256L4.51,86.721z\"><\/path>\n<\/g>\n<\/g><g><g><path d=\"M317.002,277.213l-51.396,49.393c-2.93,2.93-6.768,4.395-10.605,4.395s-7.676-1.465-10.605-4.395L195,277.211    L25.714,446.486C31.582,449.295,38.071,451,45,451h422c6.927,0,13.412-1.703,19.279-4.51L317.002,277.213z\"><\/path>\n<\/g>\n<\/g><\/svg><\/span>\n                      <h6 class=\"u-align-center u-text u-text-5\">Mail<\/h6>\n                      <p class=\"u-align-center u-text u-text-6\">\n                        <a class=\"u-active-none u-border-none u-btn u-button-link u-button-style u-hover-none u-none u-text-white u-btn-2\" href=\"mailto:info@werbungauscottbus.de\"> info@werbungauscottbus.de<\/a>\n                      <\/p>\n                    <\/div>\n                  <\/div>\n                <\/div>\n              <\/div>\n            <\/div>\n          <\/div>\n        <\/div>\n      <\/div>\n    <\/section>\n    \n    \n    \n  \n","protected":false},"excerpt":{"rendered":"<p>Werbung&nbsp;aus&nbsp;Cottbus Medien- und Werbeagentur&nbsp; seit 2004 Zu unseren Leistungen geh\u00f6ren: Webdesign, Printdesign und Webhosting Wir stehen f\u00fcr einem kompletten Service rund um alle Bereiche der Werbung &#8211; von der Erstellung einer Internetseite \u00fcber Drucksachen bis hin zum Entwurf eines kompletten Designs. Wir m\u00f6chten Sie gro\u00df rausbringen! Ihre Werbung aus Cottbus Portfolio Design MarkenbildungVom Logo bis &hellip; <a href=\"https:\/\/www.werbungauscottbus.de\/\" class=\"more-link\">Continue reading<span class=\"screen-reader-text\"> &#8222;Startseite&#8220;<\/span><\/a><\/p>\n","protected":false},"author":1,"featured_media":0,"parent":0,"menu_order":2,"comment_status":"closed","ping_status":"closed","template":"","meta":{"footnotes":""},"class_list":["post-40","page","type-page","status-publish","hentry"],"yoast_head":"<!-- This site is optimized with the Yoast SEO plugin v27.3 - https:\/\/yoast.com\/product\/yoast-seo-wordpress\/ -->\n<title>Startseite - Werbung aus Cottbus<\/title>\n<meta name=\"robots\" content=\"index, follow, max-snippet:-1, max-image-preview:large, max-video-preview:-1\" \/>\n<link rel=\"canonical\" href=\"https:\/\/www.werbungauscottbus.de\/\" \/>\n<meta property=\"og:locale\" content=\"de_DE\" \/>\n<meta property=\"og:type\" content=\"article\" \/>\n<meta property=\"og:title\" content=\"Startseite - Werbung aus Cottbus\" \/>\n<meta property=\"og:description\" content=\"Werbung&nbsp;aus&nbsp;Cottbus Medien- und Werbeagentur&nbsp; seit 2004 Zu unseren Leistungen geh\u00f6ren: Webdesign, Printdesign und Webhosting Wir stehen f\u00fcr einem kompletten Service rund um alle Bereiche der Werbung - von der Erstellung einer Internetseite \u00fcber Drucksachen bis hin zum Entwurf eines kompletten Designs. Wir m\u00f6chten Sie gro\u00df rausbringen! Ihre Werbung aus Cottbus Portfolio Design MarkenbildungVom Logo bis &hellip; Continue reading &quot;Startseite&quot;\" \/>\n<meta property=\"og:url\" content=\"https:\/\/www.werbungauscottbus.de\/\" \/>\n<meta property=\"og:site_name\" content=\"Werbung aus Cottbus\" \/>\n<meta property=\"article:modified_time\" content=\"2026-02-20T18:11:25+00:00\" \/>\n<meta name=\"twitter:card\" content=\"summary_large_image\" \/>\n<meta name=\"twitter:label1\" content=\"Gesch\u00e4tzte Lesezeit\" \/>\n\t<meta name=\"twitter:data1\" content=\"1\u00a0Minute\" \/>\n<script type=\"application\/ld+json\" class=\"yoast-schema-graph\">{\"@context\":\"https:\\\/\\\/schema.org\",\"@graph\":[{\"@type\":\"WebPage\",\"@id\":\"https:\\\/\\\/www.werbungauscottbus.de\\\/\",\"url\":\"https:\\\/\\\/www.werbungauscottbus.de\\\/\",\"name\":\"Startseite - Werbung aus Cottbus\",\"isPartOf\":{\"@id\":\"https:\\\/\\\/www.werbungauscottbus.de\\\/#website\"},\"datePublished\":\"2026-02-14T17:43:31+00:00\",\"dateModified\":\"2026-02-20T18:11:25+00:00\",\"breadcrumb\":{\"@id\":\"https:\\\/\\\/www.werbungauscottbus.de\\\/#breadcrumb\"},\"inLanguage\":\"de\",\"potentialAction\":[{\"@type\":\"ReadAction\",\"target\":[\"https:\\\/\\\/www.werbungauscottbus.de\\\/\"]}]},{\"@type\":\"BreadcrumbList\",\"@id\":\"https:\\\/\\\/www.werbungauscottbus.de\\\/#breadcrumb\",\"itemListElement\":[{\"@type\":\"ListItem\",\"position\":1,\"name\":\"Start\",\"item\":\"https:\\\/\\\/www.werbungauscottbus.de\\\/\"},{\"@type\":\"ListItem\",\"position\":2,\"name\":\"Startseite\"}]},{\"@type\":\"WebSite\",\"@id\":\"https:\\\/\\\/www.werbungauscottbus.de\\\/#website\",\"url\":\"https:\\\/\\\/www.werbungauscottbus.de\\\/\",\"name\":\"Werbung aus Cottbus\",\"description\":\"\",\"publisher\":{\"@id\":\"https:\\\/\\\/www.werbungauscottbus.de\\\/#organization\"},\"potentialAction\":[{\"@type\":\"SearchAction\",\"target\":{\"@type\":\"EntryPoint\",\"urlTemplate\":\"https:\\\/\\\/www.werbungauscottbus.de\\\/?s={search_term_string}\"},\"query-input\":{\"@type\":\"PropertyValueSpecification\",\"valueRequired\":true,\"valueName\":\"search_term_string\"}}],\"inLanguage\":\"de\"},{\"@type\":\"Organization\",\"@id\":\"https:\\\/\\\/www.werbungauscottbus.de\\\/#organization\",\"name\":\"Werbung aus Cottbus\",\"url\":\"https:\\\/\\\/www.werbungauscottbus.de\\\/\",\"logo\":{\"@type\":\"ImageObject\",\"inLanguage\":\"de\",\"@id\":\"https:\\\/\\\/www.werbungauscottbus.de\\\/#\\\/schema\\\/logo\\\/image\\\/\",\"url\":\"https:\\\/\\\/www.werbungauscottbus.de\\\/wp-content\\\/uploads\\\/2026\\\/02\\\/cropped-Logo-koffergriff-Pfade-frei.png\",\"contentUrl\":\"https:\\\/\\\/www.werbungauscottbus.de\\\/wp-content\\\/uploads\\\/2026\\\/02\\\/cropped-Logo-koffergriff-Pfade-frei.png\",\"width\":240,\"height\":240,\"caption\":\"Werbung aus Cottbus\"},\"image\":{\"@id\":\"https:\\\/\\\/www.werbungauscottbus.de\\\/#\\\/schema\\\/logo\\\/image\\\/\"}}]}<\/script>\n<!-- \/ Yoast SEO plugin. -->","yoast_head_json":{"title":"Startseite - Werbung aus Cottbus","robots":{"index":"index","follow":"follow","max-snippet":"max-snippet:-1","max-image-preview":"max-image-preview:large","max-video-preview":"max-video-preview:-1"},"canonical":"https:\/\/www.werbungauscottbus.de\/","og_locale":"de_DE","og_type":"article","og_title":"Startseite - Werbung aus Cottbus","og_description":"Werbung&nbsp;aus&nbsp;Cottbus Medien- und Werbeagentur&nbsp; seit 2004 Zu unseren Leistungen geh\u00f6ren: Webdesign, Printdesign und Webhosting Wir stehen f\u00fcr einem kompletten Service rund um alle Bereiche der Werbung - von der Erstellung einer Internetseite \u00fcber Drucksachen bis hin zum Entwurf eines kompletten Designs. Wir m\u00f6chten Sie gro\u00df rausbringen! Ihre Werbung aus Cottbus Portfolio Design MarkenbildungVom Logo bis &hellip; Continue reading \"Startseite\"","og_url":"https:\/\/www.werbungauscottbus.de\/","og_site_name":"Werbung aus Cottbus","article_modified_time":"2026-02-20T18:11:25+00:00","twitter_card":"summary_large_image","twitter_misc":{"Gesch\u00e4tzte Lesezeit":"1\u00a0Minute"},"schema":{"@context":"https:\/\/schema.org","@graph":[{"@type":"WebPage","@id":"https:\/\/www.werbungauscottbus.de\/","url":"https:\/\/www.werbungauscottbus.de\/","name":"Startseite - Werbung aus Cottbus","isPartOf":{"@id":"https:\/\/www.werbungauscottbus.de\/#website"},"datePublished":"2026-02-14T17:43:31+00:00","dateModified":"2026-02-20T18:11:25+00:00","breadcrumb":{"@id":"https:\/\/www.werbungauscottbus.de\/#breadcrumb"},"inLanguage":"de","potentialAction":[{"@type":"ReadAction","target":["https:\/\/www.werbungauscottbus.de\/"]}]},{"@type":"BreadcrumbList","@id":"https:\/\/www.werbungauscottbus.de\/#breadcrumb","itemListElement":[{"@type":"ListItem","position":1,"name":"Start","item":"https:\/\/www.werbungauscottbus.de\/"},{"@type":"ListItem","position":2,"name":"Startseite"}]},{"@type":"WebSite","@id":"https:\/\/www.werbungauscottbus.de\/#website","url":"https:\/\/www.werbungauscottbus.de\/","name":"Werbung aus Cottbus","description":"","publisher":{"@id":"https:\/\/www.werbungauscottbus.de\/#organization"},"potentialAction":[{"@type":"SearchAction","target":{"@type":"EntryPoint","urlTemplate":"https:\/\/www.werbungauscottbus.de\/?s={search_term_string}"},"query-input":{"@type":"PropertyValueSpecification","valueRequired":true,"valueName":"search_term_string"}}],"inLanguage":"de"},{"@type":"Organization","@id":"https:\/\/www.werbungauscottbus.de\/#organization","name":"Werbung aus Cottbus","url":"https:\/\/www.werbungauscottbus.de\/","logo":{"@type":"ImageObject","inLanguage":"de","@id":"https:\/\/www.werbungauscottbus.de\/#\/schema\/logo\/image\/","url":"https:\/\/www.werbungauscottbus.de\/wp-content\/uploads\/2026\/02\/cropped-Logo-koffergriff-Pfade-frei.png","contentUrl":"https:\/\/www.werbungauscottbus.de\/wp-content\/uploads\/2026\/02\/cropped-Logo-koffergriff-Pfade-frei.png","width":240,"height":240,"caption":"Werbung aus Cottbus"},"image":{"@id":"https:\/\/www.werbungauscottbus.de\/#\/schema\/logo\/image\/"}}]}},"_links":{"self":[{"href":"https:\/\/www.werbungauscottbus.de\/index.php\/wp-json\/wp\/v2\/pages\/40","targetHints":{"allow":["GET"]}}],"collection":[{"href":"https:\/\/www.werbungauscottbus.de\/index.php\/wp-json\/wp\/v2\/pages"}],"about":[{"href":"https:\/\/www.werbungauscottbus.de\/index.php\/wp-json\/wp\/v2\/types\/page"}],"author":[{"embeddable":true,"href":"https:\/\/www.werbungauscottbus.de\/index.php\/wp-json\/wp\/v2\/users\/1"}],"replies":[{"embeddable":true,"href":"https:\/\/www.werbungauscottbus.de\/index.php\/wp-json\/wp\/v2\/comments?post=40"}],"version-history":[{"count":5,"href":"https:\/\/www.werbungauscottbus.de\/index.php\/wp-json\/wp\/v2\/pages\/40\/revisions"}],"predecessor-version":[{"id":78,"href":"https:\/\/www.werbungauscottbus.de\/index.php\/wp-json\/wp\/v2\/pages\/40\/revisions\/78"}],"wp:attachment":[{"href":"https:\/\/www.werbungauscottbus.de\/index.php\/wp-json\/wp\/v2\/media?parent=40"}],"curies":[{"name":"wp","href":"https:\/\/api.w.org\/{rel}","templated":true}]}}